it of 3602?
2
What is the hundreds digit of 4993?
9
What is the tens digit of 218?
1
What is the units digit of 7035?
5
What is the units digit of 1561?
1
What is the hundreds digit of 862?
8
What is the thousands digit of 2313?
2
What is the thousands digit of 113152?
3
What is the units digit of 742?
2
What is the hundreds digit of 2708?
7
What is the hundreds digit of 773?
7
What is the tens digit of 2443?
4
What is the tens digit of 1195?
9
What is the tens digit of 2244?
4
What is the tens digit of 34998?
9
What is the thousands digit of 11709?
1
What is the tens digit of 11392?
9
What is the hundreds digit of 1484?
4
What is the ten thousands digit of 18370?
1
What is the tens digit of 1650?
5
What is the units digit of 851?
1
What is the tens digit of 12031?
3
What is the thousands digit of 1851?
1
What is the hundred thousands digit of 100747?
1
What is the units digit of 737?
7
What is the tens digit of 990?
9
What is the tens digit of 6392?
9
What is the hundred thousands digit of 111391?
1
What is the hundreds digit of 684?
6
What is the hundreds digit of 11578?
5
What is the units digit of 2418?
8
What is the units digit of 841?
1
What is the units digit of 572?
2
What is the hundreds digit of 25235?
2
What is the thousands digit of 1295?
1
What is the hundreds digit of 3589?
5
What is the thousands digit of 7527?
7
What is the units digit of 480?
0
What is the ten thousands digit of 56082?
5
What is the tens digit of 29458?
5
What is the units digit of 539?
9
What is the hundreds digit of 240?
2
What is the units digit of 11530?
0
What is the hundreds digit of 13013?
0
What is the units digit of 2048?
8
What is the tens digit of 21626?
2
What is the ten thousands digit of 27974?
2
What is the thousands digit of 2170?
2
What is the units digit of 65619?
9
What is the units digit of 108104?
4
What is the units digit of 70300?
0
What is the tens digit of 2787?
8
What is the thousands digit of 5114?
5
What is the units digit of 748?
8
What is the tens digit of 9633?
3
What is the thousands digit of 70390?
0
What is the hundreds digit of 2954?
9
What is the tens digit of 68312?
1
What is the hundreds digit of 141376?
3
What is the tens digit of 58961?
6
What is the units digit of 1847?
7
What is the units digit of 35447?
7
What is the thousands digit of 1207?
1
What is the tens digit of 5824?
2
What is the units digit of 45795?
5
What is the tens digit of 2338?
3
What is the units digit of 92710?
0
What is the tens digit of 72213?
1
What is the units digit of 4752?
2
What is the tens digit of 443?
4
What is the hundreds digit of 2609?
6
What is the units digit of 9?
9
What is the hundreds digit of 54685?
6
What is the thousands digit of 30063?
0
What is the tens digit of 20947?
4
What is the thousands digit of 4099?
4
What is the hundreds digit of 29341?
3
What is the tens digit of 194842?
4
What is the units digit of 2367?
7
What is the units digit of 2340?
0
What is the units digit of 7409?
9
What is the ten thousands digit of 16120?
1
What is the thousands digit of 4257?
4
What is the tens digit of 20019?
1
What is the thousands digit of 1640?
1
What is the thousands digit of 25123?
5
What is the units digit of 5016?
6
What is the tens digit of 1027?
2
What is the units digit of 24165?
5
What is the units digit of 2051?
1
What is the tens digit of 96?
9
What is the thousands digit of 15602?
5
What is the tens digit of 4963?
6
What is the units digit of 2402?
2
What is the units digit of 10621?
1
What is the hundreds digit of 181?
1
What is the tens digit of 222?
2
What is the ten thousands digit of 91242?
9
What is the tens digit of 932?
3
What is the tens digit of 935?
3
What is the tens digit of 43919?
1
What is the thousands digit of 23999?
3
What is the tens digit of 8081?
8
What is the thousands digit of 3156?
3
What is the tens digit of 3884?
8
What is the hundreds digit of 11722?
7
What is the thousands digit of 2196?
2
What is the tens digit of 652?
5
What is the hundreds digit of 2641?
6
What is the hundreds digit of 5294?
2
What is the hundreds digit of 242?
2
What is the units digit of 1679?
9
What is the tens digit of 15397?
9
What is the tens digit of 29800?
0
What is the tens digit of 33472?
7
What is the tens digit of 543?
4
What is the tens digit of 12940?
4
What is the hundreds digit of 16025?
0
What is the units digit of 7014?
4
What is the hundreds digit of 2714?
7
What is the hundreds digit of 3083?
0
What is the thousands digit of 96001?
6
What is the hundreds digit of 4149?
1
What is the hundreds digit of 2918?
9
What is the units digit of 7233?
3
What is the units digit of 598?
8
What is the thousands digit of 43343?
3
What is the ten thousands digit of 13160?
1
What is the tens digit of 17?
1
What is the hundreds digit of 5320?
3
What is the thousands digit of 22594?
2
What is the hundreds digit of 46225?
2
What is the hundreds digit of 37731?
7
What is the units digit of 88706?
6
What is the units digit of 81264?
4
What is the hundreds digit of 100?
1
What is the units digit of 277?
7
What is the units digit of 20315?
5
What is the units digit of 11432?
2
What is the units digit of 345?
5
What is the units digit of 98227?
7
What is the tens digit of 344?
4
What is the ten thousands digit of 14761?
1
What is the hundreds digit of 2199?
1
What is the thousands digit of 5794?
5
What is the units digit of 1165?
5
What is the tens digit of 282?
8
What is the hundreds digit of 2698?
6
What is the units digit of 1585?
5
What is the ten thousands digit of 21578?
2
What is the thousands digit of 20886?
0
What is the units digit of 2156?
6
What is the units digit of 914?
4
What is the tens digit of 1418?
1
What is the hundreds digit of 10280?
2
What is the hundreds digit of 10696?
6
What is the units digit of 24738?
8
What is the tens digit of 46150?
5
What is the hundreds digit of 567?
5
What is the units digit of 2458?
8
What is the hundreds digit of 273?
2
What is the hundreds digit of 283?
2
What is the hundreds digit of 25358?
3
What is the units digit of 1783?
3
What is the thousands digit of 24073?
4
What is the tens digit of 7818?
1
What is the hundreds digit of 9003?
0
What is the tens digit of 39320?
2
What is the thousands digit of 6617?
6
What is the units digit of 3642?
2
What is the units digit of 38225?
5
What is the tens digit of 139716?
1
What is the thousands digit of 18484?
8
What is the units digit of 22890?
0
What is the ten thousands digit of 22160?
2
What is the hundreds digit of 6146?
1
What is the tens digit of 2637?
3
What is the hundreds digit of 2470?
4
What is the thousands digit of 4835?
4
What is the thousands digit of 65404?
5
What is the ten thousands digit of 12854?
1
What is the hundreds digit of 1437?
4
What is the units digit of 39825?
5
What is the units digit of 849?
9
What is the ten thousands digit of 18783?
1
What is the hundreds digit of 974?
9
What is the units digit of 27536?
6
What is the tens digit of 720?
2
What is the hundreds digit of 1470?
4
What is the units digit of 385?
5
What is the hundreds digit of 430?
4
What is the hundreds digit of 1680?
6
What is the tens digit of 444?
4
What is the thousands digit of 2471?
2
What is the hundred thousands digit of 160832?
1
What is the units digit of 521?
1
What is the units digit of 21508?
8
What is the thousands digit of 23406?
3
What is the tens digit of 2960?
6
What is the units digit of 3655?
5
What is the units digit of 906?
6
What is the tens digit of 1537?
3
What is the tens digit of 19609?
0
What is the hundreds digit of 13305?
3
What is the thousands digit of 8006?
8
What is the units digit of 11564?
4
What is the thousands digit of 35414?
5
What is the hundreds digit of 3157?
1
What is the tens digit of 55822?
2
What is the units digit of 18151?
1
What is the units digit of 14692?
2
What is the units digit of 10372?
2
What is the tens digit of 20212?
1
What is the hundreds digit of 13147?
1
What is the units digit of 16751?
1
What is the units digit of 3889?
9
What is the hundreds digit of 68338?
3
What is the hundreds digit of 518?
5
What is the units digit of 429?
9
What is the thousands digit of 1051?
1
What is the tens digit of 4568?
6
What is the units digit of 1925?
5
What is the units digit of 579?
9
W